w).
-5
Let z(q) = -23*q**2 - 7. Let y(k) = 11*k**2 + 3. Let b(w) = 9*y(w) + 4*z(w). Calculate b(1).
6
Let f(v) = v**2 + 7*v + 4. Let c be f(-6). Let s(o) = 1 - 3 - o**3 - 2*o**2 + 0. Calculate s(c).
-2
Let j(o) = o**2. Let g(p) = 5*p**2 + 4*p + 4. Let y(k) = g(k) - 6*j(k). Let r(x) be the first derivative of y(x). Calculate r(5).
-6
Let l(o) = -5*o**2 + 3. Let t(w) = w**2 + w - 1. Let a(z) = -l(z) - 6*t(z). Give a(-6).
3
Let m be 1 - 2*(-3)/2. Let y be 1/7 + m/(-28). Let j(b) = -b**3 + b - 7. Give j(y).
-7
Let o(y) = -y + 1. Let i be o(5). Suppose -23 = k - 5*b - 0*b, -4*k + 4*b - 12 = 0. Let u be 14/(-4) - k/i. Let n(s) = s - 1. Determine n(u).
-4
Let z be (0 - 3) + (-3)/3. Let h(u) = -u**3 - 3*u**2 + 3*u + 1. Let w be h(z). Let c(d) = -2*d**2 - 4*d**2 + d**2 + w*d - 4*d. Determine c(1).
-4
Let s(j) = -2*j + 8*j**2 - 7*j**2 + j. Determine s(-1).
2
Let l(d) = d + 2. Suppose 0 = -n + 5*x - 14, 3*n - 5*n + 2*x = -4. Suppose t - n = 3*t. Give l(t).
-1
Let x = 13 + -6. Let g(t) = -16*t + x*t + 7*t - 3. Give g(3).
-9
Let u = 22 + -20. Let h(d) = -d - 1. Calculate h(u).
-3
Let c be (44/(-55))/(4/(-10)). Let w(b) = b + 1. What is w(c)?
3
Let j(u) = u**3 + u**2 + 1. Let w(n) = -3*n**3 - n**2 + 2*n - 3. Let d(t) = 2*j(t) + w(t). Calculate d(2).
-1
Let a = -5 + 3. Let m(s) be the second derivative of 0 + 1/2*s**3 + 1/3*s**4 - 3*s + 1/10*s**5 + 0*s**2. What is m(a)?
-6
Let u(c) = c**3 - 5*c**2 - 8*c + 5. Let d be 2/((-30)/(-8) - 4). Let y be (-7)/28 - 50/d. Calculate u(y).
-7
Let u(n) = n - 5. Let t(o) = -1 - 3 + o - o**2 - 5*o - 4*o. Let d be t(-6). What is u(d)?
3
Let n(d) = 2 + 6 - 9 - 6*d + 3. Determine n(1).
-4
Let x(m) = m**2 - 7*m + 3. Let a(b) = -b**2 - 5*b + 5. Let j be a(-5). Suppose -6*u + j = -5*u. Determine x(u).
-7
Let m(u) be the second derivative of -u**4/12 - 5*u**3/6 + 2*u**2 - 7*u. Determine m(-5).
4
Let y(c) = 5*c**3 - 3*c**2 + 9*c - 5. Let n(f) = -2*f**3 + f**2 - 3*f + 2. Let u(d) = 8*n(d) + 3*y(d). Let p(w) = -3*w**2 - 18*w - 2. Let j be p(-6). Give u(j).
-1
Suppose 0 = -3*x + h + 4*h - 5, -5*h = x - 5. Let g be 0 + 12/(3 + -1). Let o(c) = 2*c - c - g + x. Give o(0).
-6
Let t be -1 + (-4)/(-4)*0. Let c be (-19)/(-4) + t/(-4). Let y(q) = -q**2 + 7*q - 4. Calculate y(c).
6
Let o(b) = b**2 - b. Let t(r) = -r**3 - 4*r**2 - 1. Let u be t(-4). Let f(c) = -3*c**2 - 1. Let j(z) = u*f(z) - 2*o(z). Suppose 4*v + 1 + 7 = 0. Determine j(v).
1
Let x(m) = -5*m + 8. Let q(a) = 14*a - 23. Let h(f) = -4*q(f) - 11*x(f). What is h(-5)?
9
Let v = 2 - -2. Suppose -3*l = v*q - 2*q - 20, -4*l + 44 = 4*q. Let w(s) = 0*s + 13 - q - s. What is w(5)?
-5
Let m = 43 - 9. Let a(p) = 6*p**2 - 29*p - 11. Let t(l) = -l**2 + 5*l + 2. Let r(g) = m*t(g) + 6*a(g). Determine r(2).
2
Let l(m) = -m**3 + 6*m**2 - 4*m - 7. Let n be (-10)/(-75)*39 + 1/(-5). Give l(n).
-2
Let k(u) = -2*u**2 + u + 1. Let i = 9 - 12. Let m be i/12 + 6/(-8). Calculate k(m).
-2
Let t(j) = j**2 + j - 2. Let u = -150 - -147. Determine t(u).
4
Let a(b) = -3*b - 3. Let c(o) = 2*o + 3. Let k(d) = -3*a(d) - 4*c(d). Calculate k(-9).
-12
Let i(m) = 2*m**2 - 17*m + 5. Let r(q) be the third derivative of -q**5/20 + 25*q**4/24 - 4*q**3/3 + 3*q**2. Let t(f) = -7*i(f) - 5*r(f). Determine t(5).
0
Let t(l) = -l**2 - 6*l - 4. Let w = 18 - 9. Suppose -w*u + 4*u = 15. What is t(u)?
5
Let o(z) = z - 5*z + 2 + 3*z + 0. Let a(w) = -3*w + 5*w + 0*w + 4*w - 11. Let r(f) = -4*a(f) - 22*o(f). Calculate r(3).
-6
Suppose -5*y + 4*t = 15, -5*t = -3*t. Let v = 2 - y. Let u(a) = 1 + v - 3*a - 2 + a**2. Determine u(4).
8
Let k(g) be the third derivative of -g**6/120 + g**5/15 - g**4/24 + 7*g**2. Determine k(3).
6
Let k(r) be the first derivative of r**3/3 + r**2/2 - r + 6. Let f(u) = u**2 + u - 1. Let b(v) = -7*f(v) + 6*k(v). What is b(0)?
1
Let n = -2 - -5. Suppose -2 - 13 = n*c. Let b(t) = 2 + 13*t**2 + 7*t - 3*t + 2*t - 12*t**2. Give b(c).
-3
Let a(v) = 23*v - 17. Let t(h) = 4*h - 3. Let p(y) = 6*a(y) - 34*t(y). Determine p(1).
2
Let t be (-2 + 4)/(2/(-8)*2). Let l(s) = -s - 3. Determine l(t).
1
Let p(y) be the first derivative of y**5/60 + y**4/6 + y**3/3 + 2*y**2 + 2. Let s(c) be the second derivative of p(c). Determine s(-3).
-1
Let q be -6*((-2)/(-4) + -1). Suppose -5*h = 2*m - 5*m + 34, -q*m - 5*h - 16 = 0. Let k(t) = m*t - 3 - t - 7*t**2 + 2. What is k(1)?
-6
Let g(v) be the second derivative of v**3/6 - 5*v**2/2 - v. Suppose 1 + 3 = 2*c. Suppose r = -c + 5. Calculate g(r).
-2
Suppose 3*a + 5 = 8*a. Let d(j) = -5*j**3 + j**2 + j - 1. What is d(a)?
-4
Let h(i) = -i. Let s(r) = -r**2 - 2*r + 6. Let a = 1 - 2. Let p(j) = a*s(j) - 3*h(j). Determine p(-6).
0
Let n(p) be the first derivative of p**3/3 + 2*p**2 + 6*p + 5. Let t(g) be the first derivative of n(g). Give t(-3).
-2
Suppose 0 = 4*p + 4*m, 2*m = p + p - 20. Suppose -j - 1 = -2*a - 7, -a + j - p = 0. Let z be -1 - (0 + 1 + a). Let q(v) = -4*v**2 + v. What is q(z)?
-5
Suppose 0*a + 5*a + 4*r - 21 = 0, 5*a + r - 24 = 0. Let z(i) = i**3 - i - 1. Let f(d) = 3*d**3 + 5*d**2 - 4*d + 1. Let m(c) = f(c) - 4*z(c). Determine m(a).
5
Let k(o) = -o - 1. Let d(j) = -j**2 + 6*j + 7. Let i(w) = -d(w) - 5*k(w). Calculate i(-2).
4
Let k(w) = 3*w**2 - 3*w - 1. Let s(o) = -3*o - 17. Let f be s(-5). Give k(f).
17
Let p(l) = -l + 2. Let u be (-52)/(-14) + (-2)/(-7). What is p(u)?
-2
Let d(f) = -5 - 4*f + 4*f - 2 - f. Let x(r) = -r**3 + 8*r**2 - 8*r + 1. Let s be x(7). What is d(s)?
-1
Let c(o) be the second derivative of 0 + 3*o - o**2 + 5/6*o**3. What is c(3)?
13
Let k = -3 + -1. Let f(x) = x**2 - 5*x - 1. Let w be f(6). Let v(l) = 4 + w*l - 3 + 2 + l**2. Calculate v(k).
-1
Let z = -13 - -14. Let d be (-6 - (1 - 4)) + z. Let f(g) = -g**2 + 0*g**2 + 2*g**2 + g. What is f(d)?
2
Let r(k) = k**2 - 3*k + 2. Let v(u) = u - 2. Let b be v(7). Suppose 2*p + 9 = -p - b*z, p + 4*z = -10. Determine r(p).
0
Let r(q) be the second derivative of q**7/840 + 7*q**6/360 + 3*q**5/40 + q**4/6 + 5*q**3/3 + 9*q. Let b(t) be the second derivative of r(t). Give b(-6).
-14
Let b(y) = -y. Let g = -15 + 16. Give b(g).
-1
Let g(b) be the second derivative of 7*b**3/6 - 2*b. Let u be (3 - (-15)/(-3))/2. What is g(u)?
-7
Let w(d) be the first derivative of d**3/3 - d**2/2 + 5. Let h = 0 + 0. Suppose h = -4*m - 0 - 4. Give w(m).
2
Let u(f) = -f - 3. Let y(r) = -r - 3. Let b(k) = -5*u(k) + 4*y(k). What is b(-2)?
1
Let u(i) be the second derivative of 0 - 1/3*i**3 + 5/2*i**2 - 8*i. What is u(-4)?
13
Let a(u) = -4*u**2 - u - 4. Let p(i) = i**2 + i + 1. Let v(m) = a(m) + 5*p(m). Determine v(-4).
1
Let p(s) be the second derivative of -1/40*s**5 + 3*s + 0 - 1/12*s**4 + 0*s**2 + 1/3*s**3. Let h(l) be the second derivative of p(l). Calculate h(2).
-8
Let t(p) be the second derivative of -p**4/12 + 3*p**2/2 - 63*p. Suppose 0 = 3*x + 2*x. Calculate t(x).
3
Let h(k) be the second derivative of k**3/3 - k**2/2 - 5*k. Let q be 1/3*4*3. Suppose -2*s = -q*s + 8. What is h(s)?
7
Let h(x) = x + 6. Let l be h(-6). Let n(m) = m - m + 1 + m + l*m. Calculate n(0).
1
Let q(i) be the first derivative of -2*i**3/3 + 2. Suppose 8*x = -x - 9. What is q(x)?
-2
Let l(q) = q**3 + 9*q**2 - q - 3. Let u be l(-9). Let g(m) = -m**3 + 5*m**2 + 5*m - 3. Calculate g(u).
-9
Let w(o) = -5*o**2 + 16 - 22 + 0*o**2 + 5*o - o**3 + 0*o. What is w(-6)?
0
Suppose -2*n = 3*n + 25, 5*n + 28 = 3*o. Let f(d) = d - 4. Let y(t) = -t - 1. Let u(i) = -f(i) + 3*y(i). What is u(o)?
-3
Let r be 3 + 3 + -3 - 2. Suppose 0 = 4*u - 5 + r. Let z(x) = -7*x**2 + x - 1. Give z(u).
-7
Suppose 8 = -3*b - 4*i, 4*i + i = -25. Let j(u) = u + 3. Give j(b).
7
Let i = -4 + 11. Suppose 4*o + i + 1 = 0. Let g(r) = r**3 + 3*r**2 + 4*r + 2. Calculate g(o).
-2
Let w(h) = 2*h - 19. Suppose 0 = 5*i - 15 - 10. Let x(n) = -9 + 2*n + 3*n - 4*n. Let m(o) = i*x(o) - 3*w(o). What is m(5)?
7
Let m(q) be the first derivative of -q**3/6 + q**2/2 + q + 3. Let j(g) be the first derivative of m(g). Let x(u) = -u**2 + 1. Let c be x(-1). Calculate j(c).
1
Suppose m = 5*j - 9, -7 = 4*j - 7*j - m. Let h(d) = -d**2 + d. Calculate h(j).
-2
Let u(o) = -4*o**3 + o**2 - o - 1. Let n be u(-1). Let c(m) = m + 1. Let q be c(-1). Let f(t) = t + q*t + 11 - 2*t. What is f(n)?
6
Let i(o) = o**3 + 6*o**2 + 6*o + 4. Suppose -9 = -5*f - 34. Let p be i(f). Let u(t) = -t**2 - t. Give u(p).
0
Let m(l) = -l**3 - 2*l**2 +